Last updated on 2024-07-16 21:49:09 CEST.
Flavor | Version | Tinstall | Tcheck | Ttotal | Status | Flags |
---|---|---|---|---|---|---|
r-devel-linux-x86_64-debian-clang | 0.8.0 | 34.28 | 88.87 | 123.15 | OK | |
r-devel-linux-x86_64-debian-gcc | 0.8.0 | 26.68 | 66.51 | 93.19 | OK | |
r-devel-linux-x86_64-fedora-clang | 0.8.0 | 165.45 | OK | |||
r-devel-linux-x86_64-fedora-gcc | 0.8.0 | 153.03 | OK | |||
r-devel-windows-x86_64 | 0.8.0 | 34.00 | 102.00 | 136.00 | OK | |
r-patched-linux-x86_64 | 0.8.0 | 37.06 | 87.49 | 124.55 | OK | |
r-release-linux-x86_64 | 0.8.0 | 31.55 | 86.50 | 118.05 | OK | |
r-release-macos-arm64 | 0.8.0 | 38.00 | NOTE | |||
r-release-macos-x86_64 | 0.8.0 | 57.00 | NOTE | |||
r-release-windows-x86_64 | 0.8.0 | 31.00 | 106.00 | 137.00 | OK | |
r-oldrel-macos-arm64 | 0.8.0 | 41.00 | NOTE | |||
r-oldrel-macos-x86_64 | 0.8.0 | 70.00 | NOTE | |||
r-oldrel-windows-x86_64 | 0.8.0 | 34.00 | 119.00 | 153.00 | OK |
Version: 0.8.0
Check: package dependencies
Result: NOTE
Package suggested but not available for checking: ‘Rmpi’
Flavors: r-release-macos-arm64, r-release-macos-x86_64, r-oldrel-macos-arm64, r-oldrel-macos-x86_64