Last updated on 2024-07-20 12:48:16 CEST.
Flavor | Version | Tinstall | Tcheck | Ttotal | Status | Flags |
---|---|---|---|---|---|---|
r-devel-linux-x86_64-debian-clang | 0.1.2 | 11.76 | 106.06 | 117.82 | OK | |
r-devel-linux-x86_64-debian-gcc | 0.1.2 | 8.54 | 77.08 | 85.62 | OK | |
r-devel-linux-x86_64-fedora-clang | 0.1.2 | 141.34 | OK | |||
r-devel-linux-x86_64-fedora-gcc | 0.1.2 | 132.35 | OK | |||
r-devel-windows-x86_64 | 0.1.2 | 11.00 | 91.00 | 102.00 | NOTE | |
r-patched-linux-x86_64 | 0.1.2 | 8.66 | 97.08 | 105.74 | OK | |
r-release-linux-x86_64 | 0.1.2 | 9.95 | 100.45 | 110.40 | OK | |
r-release-macos-arm64 | 0.1.2 | 42.00 | OK | |||
r-release-macos-x86_64 | 0.1.2 | 62.00 | OK | |||
r-release-windows-x86_64 | 0.1.2 | 10.00 | 90.00 | 100.00 | OK | |
r-oldrel-macos-arm64 | 0.1.2 | 44.00 | OK | |||
r-oldrel-macos-x86_64 | 0.1.2 | 117.00 | OK | |||
r-oldrel-windows-x86_64 | 0.1.2 | 13.00 | 162.00 | 175.00 | OK |
Version: 0.1.2
Check: Rd cross-references
Result: NOTE
Found the following Rd file(s) with Rd \link{} targets missing package
anchors:
plot.select.Rd: select
Please provide package anchors for all Rd \link{} targets not in the
package itself and the base packages.
Flavor: r-devel-windows-x86_64