Last updated on 2024-07-16 21:49:09 CEST.
Flavor | Version | Tinstall | Tcheck | Ttotal | Status | Flags |
---|---|---|---|---|---|---|
r-devel-linux-x86_64-debian-clang | 0.6.8 | 304.51 | 128.05 | 432.56 | OK | |
r-devel-linux-x86_64-debian-gcc | 0.6.8 | 211.00 | 96.52 | 307.52 | OK | |
r-devel-linux-x86_64-fedora-clang | 0.6.8 | 610.49 | OK | |||
r-devel-linux-x86_64-fedora-gcc | 0.6.8 | 642.64 | OK | |||
r-devel-windows-x86_64 | 0.6.8 | 225.00 | 131.00 | 356.00 | OK | |
r-patched-linux-x86_64 | 0.6.8 | 258.77 | 126.07 | 384.84 | OK | |
r-release-linux-x86_64 | 0.6.8 | 260.31 | 123.68 | 383.99 | OK | |
r-release-macos-arm64 | 0.6.8 | 146.00 | NOTE | |||
r-release-macos-x86_64 | 0.6.8 | 130.00 | NOTE | |||
r-release-windows-x86_64 | 0.6.8 | 228.00 | 124.00 | 352.00 | OK | |
r-oldrel-macos-arm64 | 0.6.8 | 122.00 | NOTE | |||
r-oldrel-macos-x86_64 | 0.6.8 | 174.00 | NOTE | |||
r-oldrel-windows-x86_64 | 0.6.8 | 272.00 | 142.00 | 414.00 | OK |
Version: 0.6.8
Check: installed package size
Result: NOTE
installed size is 9.5Mb
sub-directories of 1Mb or more:
libs 9.2Mb
Flavors: r-release-macos-arm64, r-release-macos-x86_64, r-oldrel-macos-arm64, r-oldrel-macos-x86_64