Last updated on 2024-08-16 12:49:15 CEST.
Flavor | Version | Tinstall | Tcheck | Ttotal | Status | Flags |
---|---|---|---|---|---|---|
r-devel-linux-x86_64-debian-clang | 0.4.2 | 2.05 | 23.34 | 25.39 | NOTE | |
r-devel-linux-x86_64-debian-gcc | 0.4.2 | 1.61 | 17.81 | 19.42 | NOTE | |
r-devel-linux-x86_64-fedora-clang | 0.4.2 | 40.85 | NOTE | |||
r-devel-linux-x86_64-fedora-gcc | 0.4.2 | 38.59 | NOTE | |||
r-devel-windows-x86_64 | 0.4.2 | 4.00 | 45.00 | 49.00 | NOTE | |
r-patched-linux-x86_64 | 0.4.2 | 2.09 | 22.39 | 24.48 | NOTE | |
r-release-linux-x86_64 | 0.4.2 | 1.98 | 22.36 | 24.34 | NOTE | |
r-release-macos-arm64 | 0.4.2 | 18.00 | NOTE | |||
r-release-macos-x86_64 | 0.4.2 | 23.00 | NOTE | |||
r-release-windows-x86_64 | 0.4.2 | 3.00 | 46.00 | 49.00 | NOTE | |
r-oldrel-macos-arm64 | 0.4.2 | 18.00 | NOTE | |||
r-oldrel-macos-x86_64 | 0.4.2 | 24.00 | NOTE | |||
r-oldrel-windows-x86_64 | 0.4.2 | 4.00 | 50.00 | 54.00 | NOTE |
Version: 0.4.2
Check: Rd files
Result: NOTE
checkRd: (-1) residuals_paco.Rd:10: Escaped LaTeX specials: \$
Flavors: r-devel-linux-x86_64-debian-clang, r-devel-linux-x86_64-debian-gcc, r-devel-linux-x86_64-fedora-clang, r-devel-linux-x86_64-fedora-gcc, r-devel-windows-x86_64, r-patched-linux-x86_64, r-release-linux-x86_64, r-release-macos-arm64, r-release-macos-x86_64, r-release-windows-x86_64, r-oldrel-macos-arm64, r-oldrel-macos-x86_64, r-oldrel-windows-x86_64
Version: 0.4.2
Check: dependencies in R code
Result: NOTE
Namespace in Imports field not imported from: ‘ape’
All declared Imports should be used.
Flavors: r-devel-linux-x86_64-fedora-clang, r-devel-linux-x86_64-fedora-gcc