Last updated on 2024-07-21 12:56:29 CEST.
Flavor | Version | Tinstall | Tcheck | Ttotal | Status | Flags |
---|---|---|---|---|---|---|
r-devel-linux-x86_64-debian-clang | 1.2.4 | 91.05 | 107.87 | 198.92 | NOTE | |
r-devel-linux-x86_64-debian-gcc | 1.2.4 | 63.82 | 75.31 | 139.13 | NOTE | |
r-devel-linux-x86_64-fedora-clang | 1.2.4 | 291.05 | NOTE | |||
r-devel-linux-x86_64-fedora-gcc | 1.2.4 | 319.88 | NOTE | |||
r-devel-windows-x86_64 | 1.2.4 | 74.00 | 113.00 | 187.00 | NOTE | |
r-patched-linux-x86_64 | 1.2.4 | 92.91 | 98.45 | 191.36 | NOTE | |
r-release-linux-x86_64 | 1.2.4 | 95.10 | 102.72 | 197.82 | NOTE | |
r-release-macos-arm64 | 1.2.4 | 78.00 | NOTE | |||
r-release-macos-x86_64 | 1.2.4 | 108.00 | NOTE | |||
r-release-windows-x86_64 | 1.2.4 | 85.00 | 114.00 | 199.00 | NOTE | |
r-oldrel-macos-arm64 | 1.2.4 | 81.00 | NOTE | |||
r-oldrel-macos-x86_64 | 1.2.4 | 131.00 | NOTE | |||
r-oldrel-windows-x86_64 | 1.2.4 | 106.00 | 138.00 | 244.00 | NOTE |
Version: 1.2.4
Check: C++ specification
Result: NOTE
Specified C++11: please drop specification unless essential
Flavors: r-devel-linux-x86_64-debian-clang, r-devel-linux-x86_64-debian-gcc, r-devel-linux-x86_64-fedora-clang, r-devel-linux-x86_64-fedora-gcc, r-devel-windows-x86_64, r-patched-linux-x86_64, r-release-linux-x86_64, r-release-macos-arm64, r-release-macos-x86_64, r-release-windows-x86_64, r-oldrel-macos-arm64, r-oldrel-macos-x86_64, r-oldrel-windows-x86_64
Version: 1.2.4
Check: Rd files
Result: NOTE
checkRd: (-1) pdkMeans.Rd:63: Lost braces
63 | \cite{C18}{pdSpecEst} for more details. Note that this comes at the cost of increased computation time in comparison to one
| ^
Flavors: r-devel-linux-x86_64-debian-clang, r-devel-linux-x86_64-debian-gcc, r-devel-linux-x86_64-fedora-clang, r-devel-linux-x86_64-fedora-gcc, r-devel-windows-x86_64, r-patched-linux-x86_64, r-release-linux-x86_64, r-release-macos-arm64, r-release-macos-x86_64, r-release-windows-x86_64
Version: 1.2.4
Check: LazyData
Result: NOTE
'LazyData' is specified without a 'data' directory
Flavors: r-devel-linux-x86_64-debian-clang, r-devel-linux-x86_64-debian-gcc, r-devel-linux-x86_64-fedora-clang, r-devel-linux-x86_64-fedora-gcc, r-devel-windows-x86_64, r-patched-linux-x86_64, r-release-linux-x86_64, r-release-macos-arm64, r-release-macos-x86_64, r-release-windows-x86_64, r-oldrel-macos-arm64, r-oldrel-macos-x86_64, r-oldrel-windows-x86_64
Version: 1.2.4
Check: installed package size
Result: NOTE
installed size is 7.2Mb
sub-directories of 1Mb or more:
libs 6.2Mb
Flavors: r-release-macos-arm64, r-release-macos-x86_64, r-oldrel-macos-arm64, r-oldrel-macos-x86_64