Last updated on 2024-06-14 12:57:46 CEST.
Flavor | Version | Tinstall | Tcheck | Ttotal | Status | Flags |
---|---|---|---|---|---|---|
r-devel-linux-x86_64-debian-clang | 2.11.1 | 80.48 | 486.75 | 567.23 | NOTE | |
r-devel-linux-x86_64-debian-gcc | 2.11.1 | 54.50 | 354.64 | 409.14 | NOTE | |
r-devel-linux-x86_64-fedora-clang | 2.11.1 | 704.75 | NOTE | |||
r-devel-linux-x86_64-fedora-gcc | 2.11.1 | 499.72 | NOTE | |||
r-devel-windows-x86_64 | 2.11.1 | 60.00 | 352.00 | 412.00 | NOTE | |
r-patched-linux-x86_64 | 2.11.1 | 77.35 | 477.13 | 554.48 | NOTE | |
r-release-linux-x86_64 | 2.11.1 | 69.42 | 470.96 | 540.38 | NOTE | |
r-release-macos-arm64 | 2.11.1 | 175.00 | NOTE | |||
r-release-macos-x86_64 | 2.11.1 | 290.00 | NOTE | |||
r-release-windows-x86_64 | 2.11.1 | 61.00 | 356.00 | 417.00 | NOTE | |
r-oldrel-macos-arm64 | 2.11.1 | 199.00 | NOTE | |||
r-oldrel-macos-x86_64 | 2.11.1 | 324.00 | NOTE | |||
r-oldrel-windows-x86_64 | 2.11.1 | 76.00 | 433.00 | 509.00 | NOTE |
Version: 2.11.1
Check: C++ specification
Result: NOTE
Specified C++11: please drop specification unless essential
Flavors: r-devel-linux-x86_64-debian-clang, r-devel-linux-x86_64-debian-gcc, r-devel-linux-x86_64-fedora-clang, r-devel-linux-x86_64-fedora-gcc, r-devel-windows-x86_64, r-patched-linux-x86_64, r-release-linux-x86_64, r-release-macos-arm64, r-release-macos-x86_64, r-release-windows-x86_64, r-oldrel-macos-arm64, r-oldrel-macos-x86_64, r-oldrel-windows-x86_64
Version: 2.11.1
Check: installed package size
Result: NOTE
installed size is 5.1Mb
sub-directories of 1Mb or more:
doc 1.5Mb
libs 1.2Mb
Flavors: r-devel-windows-x86_64, r-release-macos-arm64, r-release-macos-x86_64, r-release-windows-x86_64, r-oldrel-macos-arm64, r-oldrel-macos-x86_64, r-oldrel-windows-x86_64
Version: 2.11.1
Check: package dependencies
Result: NOTE
Package suggested but not available for checking: ‘seqLogo’
Flavor: r-oldrel-macos-arm64
Version: 2.11.1
Check: package dependencies
Result: NOTE
Packages suggested but not available for checking: 'Biostrings', 'seqLogo'
Flavor: r-oldrel-macos-x86_64