Last updated on 2024-07-17 00:48:26 CEST.
Flavor | Version | Tinstall | Tcheck | Ttotal | Status | Flags |
---|---|---|---|---|---|---|
r-devel-linux-x86_64-debian-clang | 0.1.1 | 45.64 | 140.03 | 185.67 | OK | |
r-devel-linux-x86_64-debian-gcc | 0.1.1 | 30.57 | 103.95 | 134.52 | OK | |
r-devel-linux-x86_64-fedora-clang | 0.1.1 | 244.99 | NOTE | |||
r-devel-linux-x86_64-fedora-gcc | 0.1.1 | 259.19 | OK | |||
r-devel-windows-x86_64 | 0.1.1 | 35.00 | 133.00 | 168.00 | NOTE | |
r-patched-linux-x86_64 | 0.1.1 | 29.77 | 132.77 | 162.54 | OK | |
r-release-linux-x86_64 | 0.1.1 | 27.53 | 135.24 | 162.77 | OK | |
r-release-macos-arm64 | 0.1.1 | 59.00 | NOTE | |||
r-release-macos-x86_64 | 0.1.1 | 87.00 | NOTE | |||
r-release-windows-x86_64 | 0.1.1 | 38.00 | 131.00 | 169.00 | NOTE | |
r-oldrel-macos-arm64 | 0.1.1 | 52.00 | NOTE | |||
r-oldrel-macos-x86_64 | 0.1.1 | 124.00 | NOTE | |||
r-oldrel-windows-x86_64 | 0.1.1 | 47.00 | 151.00 | 198.00 | NOTE |
Version: 0.1.1
Check: installed package size
Result: NOTE
installed size is 5.1Mb
sub-directories of 1Mb or more:
data 2.6Mb
doc 1.8Mb
Flavors: r-devel-linux-x86_64-fedora-clang, r-devel-windows-x86_64, r-release-macos-arm64, r-release-macos-x86_64, r-release-windows-x86_64, r-oldrel-macos-arm64, r-oldrel-macos-x86_64, r-oldrel-windows-x86_64