Last updated on 2024-07-20 06:49:29 CEST.
Flavor | Version | Tinstall | Tcheck | Ttotal | Status | Flags |
---|---|---|---|---|---|---|
r-devel-linux-x86_64-debian-clang | 5.5.1 | 25.60 | 123.75 | 149.35 | NOTE | |
r-devel-linux-x86_64-debian-gcc | 5.5.1 | 22.05 | 89.30 | 111.35 | NOTE | |
r-devel-linux-x86_64-fedora-clang | 5.5.1 | 203.64 | NOTE | |||
r-devel-linux-x86_64-fedora-gcc | 5.5.1 | 194.83 | NOTE | |||
r-devel-windows-x86_64 | 5.5.1 | 22.00 | 108.00 | 130.00 | NOTE | |
r-patched-linux-x86_64 | 5.5.1 | 24.46 | 115.64 | 140.10 | NOTE | |
r-release-linux-x86_64 | 5.5.1 | 17.01 | 118.43 | 135.44 | NOTE | |
r-release-macos-arm64 | 5.5.1 | 57.00 | NOTE | |||
r-release-macos-x86_64 | 5.5.1 | 138.00 | NOTE | |||
r-release-windows-x86_64 | 5.5.1 | 24.00 | 108.00 | 132.00 | NOTE | |
r-oldrel-macos-arm64 | 5.5.1 | 54.00 | NOTE | |||
r-oldrel-macos-x86_64 | 5.5.1 | 95.00 | NOTE | |||
r-oldrel-windows-x86_64 | 5.5.1 | 29.00 | 123.00 | 152.00 | NOTE |
Version: 5.5.1
Check: package dependencies
Result: NOTE
Packages suggested but not available for checking: 'cairoDevice', 'RGtk2'
Flavors: r-devel-linux-x86_64-debian-clang, r-devel-linux-x86_64-debian-gcc, r-devel-linux-x86_64-fedora-clang, r-devel-linux-x86_64-fedora-gcc, r-devel-windows-x86_64, r-patched-linux-x86_64, r-release-linux-x86_64, r-release-macos-arm64, r-release-macos-x86_64, r-release-windows-x86_64, r-oldrel-macos-arm64, r-oldrel-macos-x86_64, r-oldrel-windows-x86_64
Version: 5.5.1
Check: Rd files
Result: NOTE
checkRd: (-1) acquireAuditData.Rd:24: Escaped LaTeX specials: \_
checkRd: (-1) rattle.Rd:44: Escaped LaTeX specials: \_
Flavors: r-devel-linux-x86_64-debian-clang, r-devel-linux-x86_64-debian-gcc, r-devel-linux-x86_64-fedora-clang, r-devel-linux-x86_64-fedora-gcc, r-devel-windows-x86_64, r-patched-linux-x86_64, r-release-linux-x86_64, r-release-macos-arm64, r-release-macos-x86_64, r-release-windows-x86_64, r-oldrel-macos-arm64, r-oldrel-macos-x86_64, r-oldrel-windows-x86_64
Version: 5.5.1
Check: installed package size
Result: NOTE
installed size is 9.5Mb
sub-directories of 1Mb or more:
data 4.5Mb
etc 1.9Mb
po 1.2Mb
Flavors: r-devel-linux-x86_64-fedora-clang, r-devel-windows-x86_64, r-release-macos-arm64, r-release-macos-x86_64, r-release-windows-x86_64, r-oldrel-macos-arm64, r-oldrel-macos-x86_64, r-oldrel-windows-x86_64