Last updated on 2024-08-16 12:49:17 CEST.
Flavor | Version | Tinstall | Tcheck | Ttotal | Status | Flags |
---|---|---|---|---|---|---|
r-devel-linux-x86_64-debian-clang | 1.1-0 | 8.94 | 79.50 | 88.44 | NOTE | |
r-devel-linux-x86_64-debian-gcc | 1.1-0 | 6.48 | 56.33 | 62.81 | NOTE | |
r-devel-linux-x86_64-fedora-clang | 1.1-0 | 139.98 | NOTE | |||
r-devel-linux-x86_64-fedora-gcc | 1.1-0 | 130.32 | NOTE | |||
r-devel-windows-x86_64 | 1.1-0 | 11.00 | 86.00 | 97.00 | NOTE | |
r-patched-linux-x86_64 | 1.1-0 | 7.90 | 74.42 | 82.32 | NOTE | |
r-release-linux-x86_64 | 1.1-0 | 8.26 | 74.73 | 82.99 | NOTE | |
r-release-macos-arm64 | 1.1-0 | 39.00 | NOTE | |||
r-release-macos-x86_64 | 1.1-0 | 61.00 | NOTE | |||
r-release-windows-x86_64 | 1.1-0 | 11.00 | 86.00 | 97.00 | NOTE | |
r-oldrel-macos-arm64 | 1.1-0 | 47.00 | OK | |||
r-oldrel-macos-x86_64 | 1.1-0 | 86.00 | OK | |||
r-oldrel-windows-x86_64 | 1.1-0 | 13.00 | 104.00 | 117.00 | OK |
Version: 1.1-0
Check: Rd files
Result: NOTE
checkRd: (-1) plot.rdaccahp.Rd:38: Lost braces; missing escapes or markup?
38 | {Yao Liu} \email{liuyao@stu.xmu.edu.cn}
| ^
checkRd: (-1) rdacca.hp.Rd:86: Lost braces; missing escapes or markup?
86 | {Pedro Peres-Neto} \email{pedro.peres-neto@concordia.ca}
| ^
checkRd: (-1) rdacca.hp.Rd:88: Lost braces; missing escapes or markup?
88 | {Kim Nimon} \email{kim.nimon@gmail.com}
| ^
Flavors: r-devel-linux-x86_64-debian-clang, r-devel-linux-x86_64-debian-gcc, r-devel-linux-x86_64-fedora-clang, r-devel-linux-x86_64-fedora-gcc, r-devel-windows-x86_64, r-patched-linux-x86_64, r-release-linux-x86_64, r-release-macos-arm64, r-release-macos-x86_64, r-release-windows-x86_64