Last updated on 2024-08-16 06:50:09 CEST.
Flavor | Version | Tinstall | Tcheck | Ttotal | Status | Flags |
---|---|---|---|---|---|---|
r-devel-linux-x86_64-debian-clang | 0.1-35 | 30.48 | 256.88 | 287.36 | NOTE | |
r-devel-linux-x86_64-debian-gcc | 0.1-35 | 18.98 | 190.81 | 209.79 | NOTE | |
r-devel-linux-x86_64-fedora-clang | 0.1-35 | 463.17 | OK | |||
r-devel-linux-x86_64-fedora-gcc | 0.1-35 | 475.54 | OK | |||
r-devel-windows-x86_64 | 0.1-35 | 29.00 | 292.00 | 321.00 | NOTE | |
r-patched-linux-x86_64 | 0.1-35 | 38.05 | 269.40 | 307.45 | OK | |
r-release-linux-x86_64 | 0.1-35 | 27.25 | 268.54 | 295.79 | OK | |
r-release-macos-arm64 | 0.1-35 | 151.00 | OK | |||
r-release-macos-x86_64 | 0.1-35 | 249.00 | OK | |||
r-release-windows-x86_64 | 0.1-35 | 29.00 | 294.00 | 323.00 | OK | |
r-oldrel-macos-arm64 | 0.1-35 | 158.00 | OK | |||
r-oldrel-macos-x86_64 | 0.1-35 | 314.00 | OK | |||
r-oldrel-windows-x86_64 | 0.1-35 | 40.00 | 338.00 | 378.00 | OK |
Version: 0.1-35
Check: Rd cross-references
Result: NOTE
Found the following Rd file(s) with Rd \link{} targets missing package
anchors:
af.Rd: bam, gamm, smooth.terms, s, t2, te, linear.functional.terms
af_old.Rd: bam, gamm, s, t2, te, smooth.basisPar, fd,
linear.functional.terms
fgam.Rd: gam
fosr.Rd: fd
fosr.vs.Rd: grpreg
fosr2s.Rd: fd
fpc.Rd: bam, gamm
lf.Rd: bam, gamm, smooth.terms, linear.functional.terms
lf.vd.Rd: te, s, linear.functional.terms
lf_old.Rd: bam, gamm, te, s, smooth.basisPar, fd,
linear.functional.terms
peer_old.Rd: lme
pfr.Rd: gam, s, te, t2, bam, gamm, gamm4
predict.fgam.Rd: predict.gam
predict.pfr.Rd: predict.gam
smooth.construct.fpc.smooth.spec.Rd: smooth.construct
smooth.construct.pco.smooth.spec.Rd: gam
smooth.construct.peer.smooth.spec.Rd: smooth.construct
vis.fgam.Rd: levelplot, vis.gam, plot.gam
vis.pfr.Rd: levelplot, vis.gam, plot.gam
Please provide package anchors for all Rd \link{} targets not in the
package itself and the base packages.
Flavors: r-devel-linux-x86_64-debian-clang, r-devel-linux-x86_64-debian-gcc, r-devel-windows-x86_64