Last updated on 2024-08-16 12:49:18 CEST.
Flavor | Version | Tinstall | Tcheck | Ttotal | Status | Flags |
---|---|---|---|---|---|---|
r-devel-linux-x86_64-debian-clang | 1.3.0 | 41.25 | 54.81 | 96.06 | OK | |
r-devel-linux-x86_64-debian-gcc | 1.3.0 | 31.55 | 37.37 | 68.92 | OK | |
r-devel-linux-x86_64-fedora-clang | 1.3.0 | 159.55 | OK | |||
r-devel-linux-x86_64-fedora-gcc | 1.3.0 | 175.00 | OK | |||
r-devel-windows-x86_64 | 1.3.0 | 44.00 | 92.00 | 136.00 | OK | |
r-patched-linux-x86_64 | 1.3.0 | 43.71 | 50.55 | 94.26 | OK | |
r-release-linux-x86_64 | 1.3.0 | 40.90 | 50.78 | 91.68 | OK | |
r-release-macos-arm64 | 1.3.0 | 37.00 | NOTE | |||
r-release-macos-x86_64 | 1.3.0 | 62.00 | NOTE | |||
r-release-windows-x86_64 | 1.3.0 | 44.00 | 93.00 | 137.00 | OK | |
r-oldrel-macos-arm64 | 1.3.0 | 55.00 | NOTE | |||
r-oldrel-macos-x86_64 | 1.3.0 | 122.00 | NOTE | |||
r-oldrel-windows-x86_64 | 1.3.0 | 55.00 | 107.00 | 162.00 | OK |
Version: 1.3.0
Check: installed package size
Result: NOTE
installed size is 6.2Mb
sub-directories of 1Mb or more:
libs 6.0Mb
Flavors: r-release-macos-arm64, r-release-macos-x86_64, r-oldrel-macos-arm64, r-oldrel-macos-x86_64