Last updated on 2024-07-20 06:49:30 CEST.
Flavor | Version | Tinstall | Tcheck | Ttotal | Status | Flags |
---|---|---|---|---|---|---|
r-devel-linux-x86_64-debian-clang | 0.5.9 | 14.60 | 124.72 | 139.32 | OK | |
r-devel-linux-x86_64-debian-gcc | 0.5.9 | 10.68 | 90.80 | 101.48 | OK | |
r-devel-linux-x86_64-fedora-clang | 0.5.9 | 183.23 | OK | |||
r-devel-linux-x86_64-fedora-gcc | 0.5.9 | 192.01 | OK | |||
r-devel-windows-x86_64 | 0.5.9 | 11.00 | 361.00 | 372.00 | OK | |
r-patched-linux-x86_64 | 0.5.9 | 16.07 | 118.68 | 134.75 | OK | |
r-release-linux-x86_64 | 0.5.9 | 10.13 | 120.57 | 130.70 | OK | |
r-release-macos-arm64 | 0.5.9 | 66.00 | OK | |||
r-release-macos-x86_64 | 0.5.9 | 168.00 | OK | |||
r-release-windows-x86_64 | 0.5.9 | 11.00 | 367.00 | 378.00 | OK | |
r-oldrel-macos-arm64 | 0.5.9 | 9.00 | ERROR | |||
r-oldrel-macos-x86_64 | 0.5.9 | 11.00 | ERROR | |||
r-oldrel-windows-x86_64 | 0.5.9 | 10.00 | 353.00 | 363.00 | OK |
Version: 0.5.9
Check: package dependencies
Result: ERROR
Packages required and available but unsuitable versions:
'parameters', 'datawizard'
See section ‘The DESCRIPTION file’ in the ‘Writing R Extensions’
manual.
Flavors: r-oldrel-macos-arm64, r-oldrel-macos-x86_64