Last updated on 2024-07-20 12:48:19 CEST.
Flavor | Version | Tinstall | Tcheck | Ttotal | Status | Flags |
---|---|---|---|---|---|---|
r-devel-linux-x86_64-debian-clang | 1.0.4 | 8.20 | 80.51 | 88.71 | NOTE | |
r-devel-linux-x86_64-debian-gcc | 1.0.4 | 6.19 | 60.58 | 66.77 | NOTE | |
r-devel-linux-x86_64-fedora-clang | 1.0.4 | 113.81 | NOTE | |||
r-devel-linux-x86_64-fedora-gcc | 1.0.4 | 117.62 | NOTE | |||
r-devel-windows-x86_64 | 1.0.4 | 9.00 | 101.00 | 110.00 | NOTE | |
r-patched-linux-x86_64 | 1.0.4 | 6.66 | 75.65 | 82.31 | NOTE | |
r-release-linux-x86_64 | 1.0.4 | 8.53 | 77.46 | 85.99 | NOTE | |
r-release-macos-arm64 | 1.0.4 | 38.00 | NOTE | |||
r-release-macos-x86_64 | 1.0.4 | 61.00 | NOTE | |||
r-release-windows-x86_64 | 1.0.4 | 9.00 | 98.00 | 107.00 | NOTE | |
r-oldrel-macos-arm64 | 1.0.4 | 37.00 | NOTE | |||
r-oldrel-macos-x86_64 | 1.0.4 | 52.00 | NOTE | |||
r-oldrel-windows-x86_64 | 1.0.4 | 11.00 | 102.00 | 113.00 | NOTE |
Version: 1.0.4
Check: Rd files
Result: NOTE
checkRd: (-1) rec.Rd:23: Escaped LaTeX specials: \$
Flavors: r-devel-linux-x86_64-debian-clang, r-devel-linux-x86_64-debian-gcc, r-devel-linux-x86_64-fedora-clang, r-devel-linux-x86_64-fedora-gcc, r-devel-windows-x86_64, r-patched-linux-x86_64, r-release-linux-x86_64, r-release-macos-arm64, r-release-macos-x86_64, r-release-windows-x86_64, r-oldrel-macos-arm64, r-oldrel-macos-x86_64, r-oldrel-windows-x86_64