Last updated on 2024-08-16 06:50:10 CEST.
Flavor | Version | Tinstall | Tcheck | Ttotal | Status | Flags |
---|---|---|---|---|---|---|
r-devel-linux-x86_64-debian-clang | 2.5.1 | 19.71 | 354.69 | 374.40 | OK | |
r-devel-linux-x86_64-debian-gcc | 2.5.1 | 12.94 | 236.36 | 249.30 | OK | |
r-devel-linux-x86_64-fedora-clang | 2.5.1 | 613.35 | NOTE | |||
r-devel-linux-x86_64-fedora-gcc | 2.5.1 | 595.87 | OK | |||
r-devel-windows-x86_64 | 2.5.1 | 24.00 | 338.00 | 362.00 | NOTE | |
r-patched-linux-x86_64 | 2.5.1 | 23.02 | 338.36 | 361.38 | OK | |
r-release-linux-x86_64 | 2.5.1 | 19.12 | 343.73 | 362.85 | OK | |
r-release-macos-arm64 | 2.5.1 | 139.00 | NOTE | |||
r-release-macos-x86_64 | 2.5.1 | 232.00 | NOTE | |||
r-release-windows-x86_64 | 2.5.1 | 24.00 | 334.00 | 358.00 | NOTE | |
r-oldrel-macos-arm64 | 2.5.1 | 157.00 | NOTE | |||
r-oldrel-macos-x86_64 | 2.5.1 | 413.00 | NOTE | |||
r-oldrel-windows-x86_64 | 2.5.1 | 33.00 | 443.00 | 476.00 | NOTE |
Version: 2.5.1
Check: installed package size
Result: NOTE
installed size is 17.5Mb
sub-directories of 1Mb or more:
doc 15.2Mb
Flavors: r-devel-linux-x86_64-fedora-clang, r-devel-windows-x86_64, r-release-macos-arm64, r-release-macos-x86_64, r-release-windows-x86_64, r-oldrel-macos-arm64, r-oldrel-macos-x86_64, r-oldrel-windows-x86_64