Last updated on 2024-08-16 06:50:10 CEST.
Flavor | Version | Tinstall | Tcheck | Ttotal | Status | Flags |
---|---|---|---|---|---|---|
r-devel-linux-x86_64-debian-clang | 1.0 | 8.53 | 63.67 | 72.20 | NOTE | |
r-devel-linux-x86_64-debian-gcc | 1.0 | 6.77 | 46.29 | 53.06 | NOTE | |
r-devel-linux-x86_64-fedora-clang | 1.0 | 114.47 | NOTE | |||
r-devel-linux-x86_64-fedora-gcc | 1.0 | 120.46 | NOTE | |||
r-devel-windows-x86_64 | 1.0 | 9.00 | 75.00 | 84.00 | NOTE | |
r-patched-linux-x86_64 | 1.0 | 7.95 | 60.68 | 68.63 | NOTE | |
r-release-linux-x86_64 | 1.0 | 7.78 | 61.40 | 69.18 | NOTE | |
r-release-macos-arm64 | 1.0 | 38.00 | NOTE | |||
r-release-macos-x86_64 | 1.0 | 65.00 | NOTE | |||
r-release-windows-x86_64 | 1.0 | 8.00 | 75.00 | 83.00 | NOTE | |
r-oldrel-macos-arm64 | 1.0 | 40.00 | NOTE | |||
r-oldrel-macos-x86_64 | 1.0 | 60.00 | NOTE | |||
r-oldrel-windows-x86_64 | 1.0 | 11.00 | 90.00 | 101.00 | NOTE |
Version: 1.0
Check: LazyData
Result: NOTE
'LazyData' is specified without a 'data' directory
Flavors: r-devel-linux-x86_64-debian-clang, r-devel-linux-x86_64-debian-gcc, r-devel-linux-x86_64-fedora-clang, r-devel-linux-x86_64-fedora-gcc, r-devel-windows-x86_64, r-patched-linux-x86_64, r-release-linux-x86_64, r-release-macos-arm64, r-release-macos-x86_64, r-release-windows-x86_64, r-oldrel-macos-arm64, r-oldrel-macos-x86_64, r-oldrel-windows-x86_64