Last updated on 2024-07-20 12:48:20 CEST.
Flavor | Version | Tinstall | Tcheck | Ttotal | Status | Flags |
---|---|---|---|---|---|---|
r-devel-linux-x86_64-debian-clang | 0.6 | 2.07 | 26.35 | 28.42 | OK | |
r-devel-linux-x86_64-debian-gcc | 0.6 | 1.79 | 20.51 | 22.30 | OK | |
r-devel-linux-x86_64-fedora-clang | 0.6 | 37.80 | OK | |||
r-devel-linux-x86_64-fedora-gcc | 0.6 | 50.15 | OK | |||
r-devel-windows-x86_64 | 0.6 | 3.00 | 44.00 | 47.00 | NOTE | |
r-patched-linux-x86_64 | 0.6 | 3.26 | 25.58 | 28.84 | OK | |
r-release-linux-x86_64 | 0.6 | 2.23 | 25.96 | 28.19 | OK | |
r-release-macos-arm64 | 0.6 | 22.00 | OK | |||
r-release-macos-x86_64 | 0.6 | 41.00 | OK | |||
r-release-windows-x86_64 | 0.6 | 3.00 | 43.00 | 46.00 | OK | |
r-oldrel-macos-arm64 | 0.6 | 20.00 | OK | |||
r-oldrel-macos-x86_64 | 0.6 | 29.00 | OK | |||
r-oldrel-windows-x86_64 | 0.6 | 2.00 | 43.00 | 45.00 | OK |
Version: 0.6
Check: Rd cross-references
Result: NOTE
Found the following Rd file(s) with Rd \link{} targets missing package
anchors:
predict.ucm.Rd: predict.SSModel
ucm.Rd: SSModel, KFAS
Please provide package anchors for all Rd \link{} targets not in the
package itself and the base packages.
Flavor: r-devel-windows-x86_64