Last updated on 2024-07-19 12:53:35 CEST.
Flavor | Version | Tinstall | Tcheck | Ttotal | Status | Flags |
---|---|---|---|---|---|---|
r-devel-linux-x86_64-debian-clang | 1.0.5 | 63.01 | 455.32 | 518.33 | OK | |
r-devel-linux-x86_64-debian-gcc | 1.0.5 | 40.19 | 319.13 | 359.32 | OK | |
r-devel-linux-x86_64-fedora-clang | 1.0.5 | 627.48 | OK | |||
r-devel-linux-x86_64-fedora-gcc | 1.0.5 | 658.63 | OK | |||
r-devel-windows-x86_64 | 1.0.5 | 44.00 | 292.00 | 336.00 | NOTE | |
r-patched-linux-x86_64 | 1.0.5 | 57.28 | 421.98 | 479.26 | OK | |
r-release-linux-x86_64 | 1.0.5 | 51.19 | 421.42 | 472.61 | OK | |
r-release-macos-arm64 | 1.0.5 | 159.00 | OK | |||
r-release-macos-x86_64 | 1.0.5 | 289.00 | OK | |||
r-release-windows-x86_64 | 1.0.5 | 47.00 | 292.00 | 339.00 | OK | |
r-oldrel-macos-arm64 | 1.0.5 | 167.00 | OK | |||
r-oldrel-macos-x86_64 | 1.0.5 | 542.00 | OK | |||
r-oldrel-windows-x86_64 | 1.0.5 | 64.00 | 398.00 | 462.00 | OK |
Version: 1.0.5
Check: Rd cross-references
Result: NOTE
Found the following Rd file(s) with Rd \link{} targets missing package
anchors:
alignGeometry.Rd: resample, projectRaster
calcTopoCorr.Rd: hillShade, writeRaster
crop.Rd: extent
demTools.Rd: hillShade
satellite.Rd: raster
Please provide package anchors for all Rd \link{} targets not in the
package itself and the base packages.
Flavor: r-devel-windows-x86_64