Last updated on 2024-08-16 06:50:11 CEST.
Flavor | Version | Tinstall | Tcheck | Ttotal | Status | Flags |
---|---|---|---|---|---|---|
r-devel-linux-x86_64-debian-clang | 1.0.1 | 6.98 | 57.49 | 64.47 | NOTE | |
r-devel-linux-x86_64-debian-gcc | 1.0.1 | 4.56 | 43.58 | 48.14 | NOTE | |
r-devel-linux-x86_64-fedora-clang | 1.0.1 | 100.69 | NOTE | |||
r-devel-linux-x86_64-fedora-gcc | 1.0.1 | 96.43 | NOTE | |||
r-devel-windows-x86_64 | 1.0.1 | 8.00 | 69.00 | 77.00 | NOTE | |
r-patched-linux-x86_64 | 1.0.1 | 5.91 | 54.89 | 60.80 | NOTE | |
r-release-linux-x86_64 | 1.0.1 | 6.42 | 54.82 | 61.24 | NOTE | |
r-release-macos-arm64 | 1.0.1 | 38.00 | NOTE | |||
r-release-macos-x86_64 | 1.0.1 | 48.00 | NOTE | |||
r-release-windows-x86_64 | 1.0.1 | 9.00 | 68.00 | 77.00 | NOTE | |
r-oldrel-macos-arm64 | 1.0.1 | 36.00 | NOTE | |||
r-oldrel-macos-x86_64 | 1.0.1 | 83.00 | NOTE | |||
r-oldrel-windows-x86_64 | 1.0.1 | 10.00 | 82.00 | 92.00 | NOTE |
Version: 1.0.1
Check: LazyData
Result: NOTE
'LazyData' is specified without a 'data' directory
Flavors: r-devel-linux-x86_64-debian-clang, r-devel-linux-x86_64-debian-gcc, r-devel-linux-x86_64-fedora-clang, r-devel-linux-x86_64-fedora-gcc, r-devel-windows-x86_64, r-patched-linux-x86_64, r-release-linux-x86_64, r-release-macos-arm64, r-release-macos-x86_64, r-release-windows-x86_64, r-oldrel-macos-arm64, r-oldrel-macos-x86_64, r-oldrel-windows-x86_64
Version: 1.0.1
Check: dependencies in R code
Result: NOTE
Namespaces in Imports field not imported from:
‘methods’ ‘pbapply’ ‘utils’
All declared Imports should be used.
Flavors: r-devel-linux-x86_64-fedora-clang, r-devel-linux-x86_64-fedora-gcc