Last updated on 2024-07-20 06:49:32 CEST.
Flavor | Version | Tinstall | Tcheck | Ttotal | Status | Flags |
---|---|---|---|---|---|---|
r-devel-linux-x86_64-debian-clang | 1.1.1 | 60.75 | 288.35 | 349.10 | OK | |
r-devel-linux-x86_64-debian-gcc | 1.1.1 | 43.60 | 205.71 | 249.31 | OK | |
r-devel-linux-x86_64-fedora-clang | 1.1.1 | 461.74 | OK | |||
r-devel-linux-x86_64-fedora-gcc | 1.1.1 | 457.53 | OK | |||
r-devel-windows-x86_64 | 1.1.1 | 52.00 | 293.00 | 345.00 | OK | |
r-patched-linux-x86_64 | 1.1.1 | 62.84 | 271.69 | 334.53 | OK | |
r-release-linux-x86_64 | 1.1.1 | 62.58 | 261.87 | 324.45 | OK | |
r-release-macos-arm64 | 1.1.1 | 119.00 | NOTE | |||
r-release-macos-x86_64 | 1.1.1 | 175.00 | NOTE | |||
r-release-windows-x86_64 | 1.1.1 | 60.00 | 288.00 | 348.00 | OK | |
r-oldrel-macos-arm64 | 1.1.1 | 131.00 | NOTE | |||
r-oldrel-macos-x86_64 | 1.1.1 | 370.00 | NOTE | |||
r-oldrel-windows-x86_64 | 1.1.1 | 75.00 | 339.00 | 414.00 | OK |
Version: 1.1.1
Check: installed package size
Result: NOTE
installed size is 5.9Mb
sub-directories of 1Mb or more:
libs 3.7Mb
Flavors: r-release-macos-arm64, r-release-macos-x86_64, r-oldrel-macos-arm64, r-oldrel-macos-x86_64