Last updated on 2024-06-10 06:50:18 CEST.
Flavor | Version | Tinstall | Tcheck | Ttotal | Status | Flags |
---|---|---|---|---|---|---|
r-devel-linux-x86_64-debian-clang | 1.2.5 | 65.72 | 131.04 | 196.76 | OK | |
r-devel-linux-x86_64-debian-gcc | 1.2.5 | 43.61 | 93.21 | 136.82 | OK | |
r-devel-linux-x86_64-fedora-clang | 1.2.5 | 240.99 | OK | |||
r-devel-linux-x86_64-fedora-gcc | 1.2.5 | 245.18 | OK | |||
r-devel-windows-x86_64 | 1.2.5 | 53.00 | 126.00 | 179.00 | OK | |
r-patched-linux-x86_64 | 1.2.5 | 60.26 | 126.19 | 186.45 | OK | |
r-release-linux-x86_64 | 1.2.5 | 56.27 | 124.60 | 180.87 | OK | |
r-release-macos-arm64 | 1.2.5 | 57.00 | OK | |||
r-release-macos-x86_64 | 1.2.5 | 75.00 | OK | |||
r-release-windows-x86_64 | 1.2.5 | 53.00 | 132.00 | 185.00 | OK | |
r-oldrel-macos-arm64 | 1.2.5 | 63.00 | OK | |||
r-oldrel-macos-x86_64 | 1.2.5 | 115.00 | NOTE | |||
r-oldrel-windows-x86_64 | 1.2.5 | 64.00 | 163.00 | 227.00 | OK |
Version: 1.2.5
Check: package dependencies
Result: NOTE
Package suggested but not available for checking: ‘Rmpfr’
Flavor: r-oldrel-macos-x86_64