Last updated on 2024-06-08 06:50:58 CEST.
Flavor | Version | Tinstall | Tcheck | Ttotal | Status | Flags |
---|---|---|---|---|---|---|
r-devel-linux-x86_64-debian-clang | 1.2.4 | 4.59 | 209.09 | 213.68 | OK | |
r-devel-linux-x86_64-debian-gcc | 1.2.4 | 3.18 | 148.23 | 151.41 | OK | |
r-devel-linux-x86_64-fedora-clang | 1.2.4 | 271.91 | OK | |||
r-devel-linux-x86_64-fedora-gcc | 1.2.4 | 200.28 | OK | |||
r-devel-windows-x86_64 | 1.2.4 | 5.00 | 159.00 | 164.00 | OK | |
r-patched-linux-x86_64 | 1.2.4 | 4.16 | 196.38 | 200.54 | OK | |
r-release-linux-x86_64 | 1.2.4 | 2.88 | 191.77 | 194.65 | OK | |
r-release-macos-arm64 | 1.2.4 | 82.00 | OK | |||
r-release-macos-x86_64 | 1.2.4 | 124.00 | OK | |||
r-release-windows-x86_64 | 1.2.4 | 6.00 | 157.00 | 163.00 | OK | |
r-oldrel-macos-arm64 | 1.2.4 | 59.00 | NOTE | |||
r-oldrel-macos-x86_64 | 1.2.4 | 127.00 | NOTE | |||
r-oldrel-windows-x86_64 | 1.2.4 | 7.00 | 219.00 | 226.00 | OK |
Version: 1.2.4
Check: package dependencies
Result: NOTE
Package suggested but not available for checking: ‘airway’
Flavors: r-oldrel-macos-arm64, r-oldrel-macos-x86_64