Last updated on 2024-07-20 12:48:21 CEST.
Flavor | Version | Tinstall | Tcheck | Ttotal | Status | Flags |
---|---|---|---|---|---|---|
r-devel-linux-x86_64-debian-clang | 0.2.0 | 54.10 | 457.45 | 511.55 | OK | |
r-devel-linux-x86_64-debian-gcc | 0.2.0 | 40.39 | 312.84 | 353.23 | OK | |
r-devel-linux-x86_64-fedora-clang | 0.2.0 | 672.71 | OK | |||
r-devel-linux-x86_64-fedora-gcc | 0.2.0 | 683.66 | OK | |||
r-devel-windows-x86_64 | 0.2.0 | 44.00 | 303.00 | 347.00 | OK | |
r-patched-linux-x86_64 | 0.2.0 | 36.21 | 436.39 | 472.60 | OK | |
r-release-linux-x86_64 | 0.1.1 | 28.58 | 379.64 | 408.22 | NOTE | |
r-release-macos-arm64 | 0.2.0 | 149.00 | OK | |||
r-release-macos-x86_64 | 0.2.0 | 398.00 | OK | |||
r-release-windows-x86_64 | 0.2.0 | 51.00 | 297.00 | 348.00 | OK | |
r-oldrel-macos-arm64 | 0.2.0 | 155.00 | OK | |||
r-oldrel-macos-x86_64 | 0.2.0 | 495.00 | OK | |||
r-oldrel-windows-x86_64 | 0.2.0 | 49.00 | 290.00 | 339.00 | OK |
Version: 0.1.1
Check: Rd files
Result: NOTE
checkRd: (-1) generate_toy_data.Rd:35: Lost braces
35 | \item{groups}{If item{grouped=TRUE}, the grouping structure is required. Each input variable should have a group id.}
| ^
checkRd: (-1) generate_toy_data.Rd:58: Lost braces
58 | \item{true_grp_id}{Indices of which groups are non-zero in item{true_beta}.}
| ^
checkRd: (-1) predict.sgs.Rd:18: Lost braces
18 | item{response}{The predicted response. In the logistic case, this represents the predicted class probabilities.}
| ^
checkRd: (-1) predict.sgs.Rd:18: Lost braces
18 | item{response}{The predicted response. In the logistic case, this represents the predicted class probabilities.}
| ^
checkRd: (-1) predict.sgs.Rd:19: Lost braces
19 | item{class}{The predicted class assignments. Only returned if type = "logistic" in the \code{"sgs"} object.}
| ^
checkRd: (-1) predict.sgs.Rd:19: Lost braces
19 | item{class}{The predicted class assignments. Only returned if type = "logistic" in the \code{"sgs"} object.}
| ^
Flavor: r-release-linux-x86_64