Last updated on 2024-07-20 12:48:21 CEST.
Flavor | Version | Tinstall | Tcheck | Ttotal | Status | Flags |
---|---|---|---|---|---|---|
r-devel-linux-x86_64-debian-clang | 0.8-14 | 8.55 | 103.02 | 111.57 | OK | |
r-devel-linux-x86_64-debian-gcc | 0.8-14 | 6.64 | 75.80 | 82.44 | OK | |
r-devel-linux-x86_64-fedora-clang | 0.8-14 | 139.11 | OK | |||
r-devel-linux-x86_64-fedora-gcc | 0.8-14 | 144.40 | OK | |||
r-devel-windows-x86_64 | 0.8-14 | 12.00 | 143.00 | 155.00 | NOTE | |
r-patched-linux-x86_64 | 0.8-14 | 12.86 | 97.97 | 110.83 | OK | |
r-release-linux-x86_64 | 0.8-14 | 9.10 | 96.16 | 105.26 | OK | |
r-release-macos-arm64 | 0.8-14 | 47.00 | OK | |||
r-release-macos-x86_64 | 0.8-14 | 81.00 | OK | |||
r-release-windows-x86_64 | 0.8-14 | 10.00 | 137.00 | 147.00 | OK | |
r-oldrel-macos-arm64 | 0.8-14 | 56.00 | OK | |||
r-oldrel-macos-x86_64 | 0.8-14 | 95.00 | OK | |||
r-oldrel-windows-x86_64 | 0.8-14 | 12.00 | 143.00 | 155.00 | OK |
Version: 0.8-14
Check: Rd cross-references
Result: NOTE
Found the following Rd file(s) with Rd \link{} targets missing package
anchors:
plot-methods.Rd: plot.deSolve
Please provide package anchors for all Rd \link{} targets not in the
package itself and the base packages.
Flavor: r-devel-windows-x86_64