Last updated on 2024-08-16 12:49:20 CEST.
Flavor | Version | Tinstall | Tcheck | Ttotal | Status | Flags |
---|---|---|---|---|---|---|
r-devel-linux-x86_64-debian-clang | 0.3-2 | 2.94 | 23.21 | 26.15 | NOTE | |
r-devel-linux-x86_64-debian-gcc | 0.3-2 | 2.42 | 18.20 | 20.62 | NOTE | |
r-devel-linux-x86_64-fedora-clang | 0.3-2 | 40.74 | NOTE | |||
r-devel-linux-x86_64-fedora-gcc | 0.3-2 | 40.38 | NOTE | |||
r-devel-windows-x86_64 | 0.3-2 | 7.00 | 49.00 | 56.00 | NOTE | |
r-patched-linux-x86_64 | 0.3-2 | 2.74 | 21.51 | 24.25 | OK | |
r-release-linux-x86_64 | 0.3-2 | 2.63 | 22.15 | 24.78 | OK | |
r-release-macos-arm64 | 0.3-2 | 18.00 | OK | |||
r-release-macos-x86_64 | 0.3-2 | 28.00 | OK | |||
r-release-windows-x86_64 | 0.3-2 | 6.00 | 49.00 | 55.00 | OK | |
r-oldrel-macos-arm64 | 0.3-2 | 23.00 | OK | |||
r-oldrel-macos-x86_64 | 0.3-2 | 39.00 | OK | |||
r-oldrel-windows-x86_64 | 0.3-2 | 8.00 | 52.00 | 60.00 | OK |
Version: 0.3-2
Check: differences from ‘smaa-Ex.Rout’ to ‘smaa-Ex.Rout.save’
Result: NOTE
83a84,87
> > ## Not run:
> > ##D library(hitandrun)
> > ##D pref <- simplex.sample(n, N)$samples
> > ## End(Not run)
334a339,342
> > ## Not run:
> > ##D library(hitandrun)
> > ##D pref <- simplex.sample(n, N)$samples
> > ## End(Not run)
Flavors: r-devel-linux-x86_64-debian-clang, r-devel-linux-x86_64-debian-gcc, r-devel-linux-x86_64-fedora-clang, r-devel-linux-x86_64-fedora-gcc, r-devel-windows-x86_64