Last updated on 2024-07-20 06:49:33 CEST.
Flavor | Version | Tinstall | Tcheck | Ttotal | Status | Flags |
---|---|---|---|---|---|---|
r-devel-linux-x86_64-debian-clang | 4.0.2 | 196.99 | 556.16 | 753.15 | OK | |
r-devel-linux-x86_64-debian-gcc | 4.0.2 | 154.87 | 418.87 | 573.74 | OK | |
r-devel-linux-x86_64-fedora-clang | 4.0.2 | 1086.24 | NOTE | |||
r-devel-linux-x86_64-fedora-gcc | 4.0.2 | 1065.57 | OK | |||
r-devel-windows-x86_64 | 4.0.2 | 160.00 | 262.00 | 422.00 | NOTE | --no-vignettes |
r-patched-linux-x86_64 | 4.0.2 | 221.13 | 535.23 | 756.36 | OK | |
r-release-linux-x86_64 | 4.0.2 | 208.51 | 549.06 | 757.57 | OK | |
r-release-macos-arm64 | 4.0.2 | 237.00 | NOTE | |||
r-release-macos-x86_64 | 4.0.2 | 541.00 | NOTE | |||
r-release-windows-x86_64 | 4.0.2 | 183.00 | 209.00 | 392.00 | NOTE | --no-vignettes |
r-oldrel-macos-arm64 | 4.0.2 | 324.00 | NOTE | |||
r-oldrel-macos-x86_64 | 4.0.2 | 645.00 | NOTE | |||
r-oldrel-windows-x86_64 | 4.0.2 | 227.00 | 232.00 | 459.00 | NOTE | --no-vignettes |
Version: 4.0.2
Check: installed package size
Result: NOTE
installed size is 6.0Mb
sub-directories of 1Mb or more:
R 1.2Mb
doc 3.4Mb
Flavors: r-devel-linux-x86_64-fedora-clang, r-release-macos-arm64, r-release-macos-x86_64, r-oldrel-macos-arm64, r-oldrel-macos-x86_64
Version: 4.0.2
Flags: --no-vignettes
Check: package dependencies
Result: NOTE
Package suggested but not available for checking: 'doMC'
Flavors: r-devel-windows-x86_64, r-release-windows-x86_64, r-oldrel-windows-x86_64
Version: 4.0.2
Flags: --no-vignettes
Check: installed package size
Result: NOTE
installed size is 6.6Mb
sub-directories of 1Mb or more:
R 1.2Mb
doc 3.3Mb
libs 1.6Mb
Flavors: r-devel-windows-x86_64, r-release-windows-x86_64, r-oldrel-windows-x86_64