Last updated on 2024-08-16 06:50:12 CEST.
Flavor | Version | Tinstall | Tcheck | Ttotal | Status | Flags |
---|---|---|---|---|---|---|
r-devel-linux-x86_64-debian-clang | 5.1-0 | 10.99 | 130.88 | 141.87 | NOTE | |
r-devel-linux-x86_64-debian-gcc | 5.1-0 | 9.29 | 92.74 | 102.03 | NOTE | |
r-devel-linux-x86_64-fedora-clang | 5.1-0 | 228.76 | NOTE | |||
r-devel-linux-x86_64-fedora-gcc | 5.1-0 | 219.06 | NOTE | |||
r-devel-windows-x86_64 | 5.1-0 | 13.00 | 153.00 | 166.00 | NOTE | |
r-patched-linux-x86_64 | 5.1-0 | 12.01 | 127.21 | 139.22 | NOTE | |
r-release-linux-x86_64 | 5.1-0 | 11.26 | 125.78 | 137.04 | NOTE | |
r-release-macos-arm64 | 5.1-0 | 65.00 | NOTE | |||
r-release-macos-x86_64 | 5.1-0 | 173.00 | NOTE | |||
r-release-windows-x86_64 | 5.1-0 | 13.00 | 151.00 | 164.00 | NOTE | |
r-oldrel-macos-arm64 | 5.1-0 | 70.00 | NOTE | |||
r-oldrel-macos-x86_64 | 5.1-0 | 147.00 | NOTE | |||
r-oldrel-windows-x86_64 | 5.1-0 | 17.00 | 177.00 | 194.00 | NOTE |
Version: 5.1-0
Check: package dependencies
Result: NOTE
Depends: includes the non-default packages:
'spatstat.data', 'spatstat.univar', 'spatstat.sparse',
'spatstat.geom', 'spatstat.random', 'spatstat.explore',
'spatstat.model', 'spatstat'
Adding so many packages to the search path is excessive and importing
selectively is preferable.
Flavors: r-devel-linux-x86_64-debian-clang, r-devel-linux-x86_64-debian-gcc, r-devel-linux-x86_64-fedora-clang, r-devel-linux-x86_64-fedora-gcc, r-devel-windows-x86_64, r-patched-linux-x86_64, r-release-linux-x86_64, r-release-macos-arm64, r-release-macos-x86_64, r-release-windows-x86_64, r-oldrel-macos-arm64, r-oldrel-macos-x86_64, r-oldrel-windows-x86_64