Last updated on 2024-06-08 06:50:59 CEST.
Flavor | Version | Tinstall | Tcheck | Ttotal | Status | Flags |
---|---|---|---|---|---|---|
r-devel-linux-x86_64-debian-clang | 4.3.3 | 23.13 | 282.70 | 305.83 | OK | |
r-devel-linux-x86_64-debian-gcc | 4.3.3 | 15.61 | 191.55 | 207.16 | OK | |
r-devel-linux-x86_64-fedora-clang | 4.3.3 | 393.97 | NOTE | |||
r-devel-linux-x86_64-fedora-gcc | 4.3.3 | 325.58 | OK | |||
r-devel-windows-x86_64 | 4.3.3 | 19.00 | 226.00 | 245.00 | NOTE | |
r-patched-linux-x86_64 | 4.3.3 | 21.19 | 238.76 | 259.95 | OK | |
r-release-linux-x86_64 | 4.3.3 | 12.26 | 293.31 | 305.57 | OK | |
r-release-macos-arm64 | 4.3.3 | 92.00 | WARN | |||
r-release-macos-x86_64 | 4.3.3 | 176.00 | WARN | |||
r-release-windows-x86_64 | 4.3.3 | 17.00 | 195.00 | 212.00 | NOTE | |
r-oldrel-macos-arm64 | 4.3.3 | 108.00 | WARN | |||
r-oldrel-macos-x86_64 | 4.3.3 | 227.00 | WARN | |||
r-oldrel-windows-x86_64 | 4.3.3 | 24.00 | 254.00 | 278.00 | NOTE |
Version: 4.3.3
Check: installed package size
Result: NOTE
installed size is 6.0Mb
sub-directories of 1Mb or more:
doc 4.6Mb
Flavors: r-devel-linux-x86_64-fedora-clang, r-devel-windows-x86_64, r-release-macos-arm64, r-release-macos-x86_64, r-release-windows-x86_64, r-oldrel-macos-arm64, r-oldrel-macos-x86_64, r-oldrel-windows-x86_64
Version: 4.3.3
Check: for missing documentation entries
Result: WARN
Undocumented S4 methods:
generic '[' and siglist 'SpectraInTime,ANY,missing,ANY'
generic '[' and siglist 'SpectraInTime,missing,ANY,ANY'
generic '[' and siglist 'SpectraInTime,missing,missing,ANY'
generic '[' and siglist 'SpectraInTimeComp,ANY,ANY,ANY'
generic '[' and siglist 'SpectraInTimeComp,ANY,missing,ANY'
generic '[' and siglist 'SpectraInTimeComp,missing,ANY,ANY'
All user-level objects in a package (including S4 classes and methods)
should have documentation entries.
See chapter ‘Writing R documentation files’ in the ‘Writing R
Extensions’ manual.
Flavors: r-release-macos-arm64, r-release-macos-x86_64, r-oldrel-macos-arm64, r-oldrel-macos-x86_64