Last updated on 2024-07-22 21:56:39 CEST.
Flavor | Version | Tinstall | Tcheck | Ttotal | Status | Flags |
---|---|---|---|---|---|---|
r-devel-linux-x86_64-debian-clang | 0.6.1 | 28.68 | 298.91 | 327.59 | OK | |
r-devel-linux-x86_64-debian-gcc | 0.6.1 | 22.59 | 221.90 | 244.49 | OK | |
r-devel-linux-x86_64-fedora-clang | 0.6.1 | 406.04 | NOTE | |||
r-devel-linux-x86_64-fedora-gcc | 0.6.1 | 388.68 | NOTE | |||
r-devel-windows-x86_64 | 0.6.1 | 33.00 | 255.00 | 288.00 | OK | |
r-patched-linux-x86_64 | 0.6.1 | 22.55 | 282.36 | 304.91 | OK | |
r-release-linux-x86_64 | 0.6.1 | 17.78 | 286.57 | 304.35 | OK | |
r-release-macos-arm64 | 0.6.1 | 104.00 | OK | |||
r-release-macos-x86_64 | 0.6.1 | 208.00 | OK | |||
r-release-windows-x86_64 | 0.6.1 | 27.00 | 255.00 | 282.00 | OK | |
r-oldrel-macos-arm64 | 0.6.1 | 110.00 | OK | |||
r-oldrel-macos-x86_64 | 0.6.1 | 308.00 | OK | |||
r-oldrel-windows-x86_64 | 0.6.1 | 36.00 | 326.00 | 362.00 | OK |
Version: 0.6.1
Check: data for non-ASCII characters
Result: NOTE
Note: found 40733 marked UTF-8 strings
Flavors: r-devel-linux-x86_64-fedora-clang, r-devel-linux-x86_64-fedora-gcc