Last updated on 2024-06-29 12:48:32 CEST.
Flavor | Version | Tinstall | Tcheck | Ttotal | Status | Flags |
---|---|---|---|---|---|---|
r-devel-linux-x86_64-debian-clang | 1.0.1 | 194.75 | 176.89 | 371.64 | OK | |
r-devel-linux-x86_64-debian-gcc | 1.0.1 | 183.20 | 134.86 | 318.06 | OK | |
r-devel-linux-x86_64-fedora-clang | 1.0.1 | 475.76 | OK | |||
r-devel-linux-x86_64-fedora-gcc | 1.0.1 | 623.51 | OK | |||
r-devel-windows-x86_64 | 1.0.1 | 156.00 | 164.00 | 320.00 | NOTE | |
r-patched-linux-x86_64 | 1.0.1 | 205.02 | 175.50 | 380.52 | OK | |
r-release-linux-x86_64 | 1.0.1 | 228.26 | 176.30 | 404.56 | OK | |
r-release-macos-arm64 | 1.0.1 | 121.00 | NOTE | |||
r-release-macos-x86_64 | 1.0.1 | 219.00 | NOTE | |||
r-release-windows-x86_64 | 1.0.1 | 160.00 | 161.00 | 321.00 | NOTE | |
r-oldrel-macos-arm64 | 1.0.1 | 183.00 | NOTE | |||
r-oldrel-macos-x86_64 | 1.0.1 | 289.00 | NOTE | |||
r-oldrel-windows-x86_64 | 1.0.1 | 202.00 | 212.00 | 414.00 | NOTE |
Version: 1.0.1
Check: installed package size
Result: NOTE
installed size is 14.5Mb
sub-directories of 1Mb or more:
libs 13.4Mb
Flavors: r-devel-windows-x86_64, r-release-macos-arm64, r-release-macos-x86_64, r-release-windows-x86_64, r-oldrel-macos-arm64, r-oldrel-macos-x86_64, r-oldrel-windows-x86_64