Last updated on 2024-07-21 18:54:24 CEST.
Flavor | Version | Tinstall | Tcheck | Ttotal | Status | Flags |
---|---|---|---|---|---|---|
r-devel-linux-x86_64-debian-clang | 1.2 | 20.03 | 123.45 | 143.48 | NOTE | |
r-devel-linux-x86_64-debian-gcc | 1.2 | 13.88 | 90.64 | 104.52 | NOTE | |
r-devel-linux-x86_64-fedora-clang | 1.2 | 177.93 | NOTE | |||
r-devel-linux-x86_64-fedora-gcc | 1.2 | 162.27 | NOTE | |||
r-devel-windows-x86_64 | 1.2 | 16.00 | 101.00 | 117.00 | NOTE | |
r-patched-linux-x86_64 | 1.2 | 16.79 | 120.31 | 137.10 | NOTE | |
r-release-linux-x86_64 | 1.2 | 11.18 | 120.89 | 132.07 | NOTE | |
r-release-macos-arm64 | 1.2 | 50.00 | NOTE | |||
r-release-macos-x86_64 | 1.2 | 87.00 | NOTE | |||
r-release-windows-x86_64 | 1.2 | 13.00 | 99.00 | 112.00 | NOTE | |
r-oldrel-macos-arm64 | 1.2 | 53.00 | OK | |||
r-oldrel-macos-x86_64 | 1.2 | 50.00 | OK | |||
r-oldrel-windows-x86_64 | 1.2 | 19.00 | 116.00 | 135.00 | OK |
Version: 1.2
Check: Rd files
Result: NOTE
checkRd: (-1) BiclustSet-class.Rd:19: Lost braces
19 | \item{\code{Number}:}{code{"numeric"}, number of biclusters in the set}
| ^
Flavors: r-devel-linux-x86_64-debian-clang, r-devel-linux-x86_64-debian-gcc, r-devel-linux-x86_64-fedora-clang, r-devel-linux-x86_64-fedora-gcc, r-devel-windows-x86_64, r-patched-linux-x86_64, r-release-linux-x86_64, r-release-macos-arm64, r-release-macos-x86_64, r-release-windows-x86_64