Last updated on 2024-07-20 06:49:34 CEST.
Flavor | Version | Tinstall | Tcheck | Ttotal | Status | Flags |
---|---|---|---|---|---|---|
r-devel-linux-x86_64-debian-clang | 0.1.1 | 4.65 | 56.26 | 60.91 | NOTE | |
r-devel-linux-x86_64-debian-gcc | 0.1.1 | 2.72 | 41.73 | 44.45 | NOTE | |
r-devel-linux-x86_64-fedora-clang | 0.1.1 | 74.85 | NOTE | |||
r-devel-linux-x86_64-fedora-gcc | 0.1.1 | 69.75 | NOTE | |||
r-devel-windows-x86_64 | 0.1.1 | 6.00 | 61.00 | 67.00 | NOTE | |
r-patched-linux-x86_64 | 0.1.1 | 3.10 | 52.15 | 55.25 | NOTE | |
r-release-linux-x86_64 | 0.1.1 | 3.10 | 53.60 | 56.70 | NOTE | |
r-release-macos-arm64 | 0.1.1 | 26.00 | NOTE | |||
r-release-macos-x86_64 | 0.1.1 | 36.00 | NOTE | |||
r-release-windows-x86_64 | 0.1.1 | 5.00 | 58.00 | 63.00 | NOTE | |
r-oldrel-macos-arm64 | 0.1.1 | 36.00 | NOTE | |||
r-oldrel-macos-x86_64 | 0.1.1 | 57.00 | NOTE | |||
r-oldrel-windows-x86_64 | 0.1.1 | 6.00 | 67.00 | 73.00 | NOTE |
Version: 0.1.1
Check: package subdirectories
Result: NOTE
Problems with news in ‘NEWS.md’:
No news entries found.
Flavors: r-devel-linux-x86_64-debian-clang, r-devel-linux-x86_64-debian-gcc, r-devel-linux-x86_64-fedora-clang, r-devel-linux-x86_64-fedora-gcc, r-devel-windows-x86_64, r-patched-linux-x86_64, r-release-linux-x86_64, r-release-macos-arm64, r-release-macos-x86_64, r-release-windows-x86_64, r-oldrel-macos-arm64, r-oldrel-macos-x86_64, r-oldrel-windows-x86_64
Version: 0.1.1
Check: LazyData
Result: NOTE
'LazyData' is specified without a 'data' directory
Flavors: r-devel-linux-x86_64-debian-clang, r-devel-linux-x86_64-debian-gcc, r-devel-linux-x86_64-fedora-clang, r-devel-linux-x86_64-fedora-gcc, r-devel-windows-x86_64, r-patched-linux-x86_64, r-release-linux-x86_64, r-release-macos-arm64, r-release-macos-x86_64, r-release-windows-x86_64, r-oldrel-macos-arm64, r-oldrel-macos-x86_64, r-oldrel-windows-x86_64