Last updated on 2024-07-22 21:56:40 CEST.
Flavor | Version | Tinstall | Tcheck | Ttotal | Status | Flags |
---|---|---|---|---|---|---|
r-devel-linux-x86_64-debian-clang | 0.4 | 9.89 | 99.20 | 109.09 | NOTE | |
r-devel-linux-x86_64-debian-gcc | 0.4 | 7.55 | 75.97 | 83.52 | NOTE | |
r-devel-linux-x86_64-fedora-clang | 0.4 | 142.91 | NOTE | |||
r-devel-linux-x86_64-fedora-gcc | 0.4 | 138.95 | NOTE | |||
r-devel-windows-x86_64 | 0.4 | 11.00 | 91.00 | 102.00 | NOTE | |
r-patched-linux-x86_64 | 0.4 | 10.08 | 95.99 | 106.07 | NOTE | |
r-release-linux-x86_64 | 0.4 | 7.28 | 97.39 | 104.67 | NOTE | |
r-release-macos-arm64 | 0.4 | 43.00 | NOTE | |||
r-release-macos-x86_64 | 0.4 | 74.00 | NOTE | |||
r-release-windows-x86_64 | 0.4 | 10.00 | 90.00 | 100.00 | NOTE | |
r-oldrel-macos-arm64 | 0.4 | 49.00 | NOTE | |||
r-oldrel-macos-x86_64 | 0.4 | 72.00 | NOTE | |||
r-oldrel-windows-x86_64 | 0.4 | 14.00 | 107.00 | 121.00 | NOTE |
Version: 0.4
Check: Rd files
Result: NOTE
checkRd: (-1) compare.Rd:46: Escaped LaTeX specials: \&
Flavors: r-devel-linux-x86_64-debian-clang, r-devel-linux-x86_64-debian-gcc, r-devel-linux-x86_64-fedora-clang, r-devel-linux-x86_64-fedora-gcc, r-devel-windows-x86_64, r-patched-linux-x86_64, r-release-linux-x86_64, r-release-macos-arm64, r-release-macos-x86_64, r-release-windows-x86_64, r-oldrel-macos-arm64, r-oldrel-macos-x86_64, r-oldrel-windows-x86_64