Last updated on 2024-07-16 21:49:16 CEST.
Flavor | Version | Tinstall | Tcheck | Ttotal | Status | Flags |
---|---|---|---|---|---|---|
r-devel-linux-x86_64-debian-clang | 1.0.0 | 45.71 | 163.28 | 208.99 | NOTE | |
r-devel-linux-x86_64-debian-gcc | 1.0.0 | 33.46 | 118.83 | 152.29 | NOTE | |
r-devel-linux-x86_64-fedora-clang | 1.0.0 | 277.40 | NOTE | |||
r-devel-linux-x86_64-fedora-gcc | 1.0.0 | 252.88 | NOTE | |||
r-devel-windows-x86_64 | 1.0.0 | 42.00 | 147.00 | 189.00 | NOTE | |
r-patched-linux-x86_64 | 1.0.0 | 40.34 | 150.57 | 190.91 | NOTE | |
r-release-linux-x86_64 | 1.0.0 | 37.33 | 155.30 | 192.63 | NOTE | |
r-release-macos-arm64 | 1.0.0 | 65.00 | NOTE | |||
r-release-macos-x86_64 | 1.0.0 | 102.00 | NOTE | |||
r-release-windows-x86_64 | 1.0.0 | 38.00 | 151.00 | 189.00 | NOTE | |
r-oldrel-macos-arm64 | 1.0.0 | 79.00 | OK | |||
r-oldrel-macos-x86_64 | 1.0.0 | 127.00 | OK | |||
r-oldrel-windows-x86_64 | 1.0.0 | 50.00 | 187.00 | 237.00 | OK |
Version: 1.0.0
Check: Rd files
Result: NOTE
checkRd: (-1) tsBSS-package.Rd:23: Lost braces in \itemize; meant \describe ?
checkRd: (-1) tsBSS-package.Rd:24: Lost braces in \itemize; meant \describe ?
checkRd: (-1) tsBSS-package.Rd:25: Lost braces in \itemize; meant \describe ?
checkRd: (-1) tsBSS-package.Rd:26: Lost braces in \itemize; meant \describe ?
checkRd: (-1) tsBSS-package.Rd:27: Lost braces in \itemize; meant \describe ?
checkRd: (-1) tsBSS-package.Rd:28: Lost braces in \itemize; meant \describe ?
checkRd: (-1) tsBSS-package.Rd:34: Lost braces in \itemize; meant \describe ?
Flavors: r-devel-linux-x86_64-debian-clang, r-devel-linux-x86_64-debian-gcc, r-devel-linux-x86_64-fedora-clang, r-devel-linux-x86_64-fedora-gcc, r-devel-windows-x86_64, r-patched-linux-x86_64, r-release-linux-x86_64, r-release-macos-arm64, r-release-macos-x86_64, r-release-windows-x86_64